{"id":46,"date":"2017-01-16T09:24:44","date_gmt":"2017-01-16T09:24:44","guid":{"rendered":"http:\/\/gpa.uva.es\/?page_id=46"},"modified":"2024-01-10T10:32:10","modified_gmt":"2024-01-10T10:32:10","slug":"docencia-de-grado","status":"publish","type":"page","link":"https:\/\/gpa.uva.es\/?page_id=46","title":{"rendered":"Docencia de Grado"},"content":{"rendered":"<h4 class=\"wp-block-heading has-text-align-left\">Docencia de grado<\/h4>\n\n\n<p>\n<table id=\"tablepress-8\" class=\"tablepress tablepress-id-8\">\n<thead>\n<tr class=\"row-1\">\n\t<th class=\"column-1\">Asignatura<\/th><th class=\"column-2\">Grado<\/th>\n<\/tr>\n<\/thead>\n<tbody class=\"row-striping row-hover\">\n<tr class=\"row-2\">\n\t<td class=\"column-1\">- Tratamiento Digital de Se\u00f1ales<br \/>\n- Teor\u00eda de la Comunicaci\u00f3n<\/td><td class=\"column-2\">Grado en Ingenier\u00eda de Tecnolog\u00edas de las Telecomunicaci\u00f3n<\/td>\n<\/tr>\n<tr class=\"row-3\">\n\t<td class=\"column-1\">- Tratamiento de Se\u00f1ales<br \/>\n- Procesado discreto de Se\u00f1ales y Sistemas<br \/>\n- Teor\u00eda de la Comunicaci\u00f3n<br \/>\n- Sistemas de Telecomunicaci\u00f3n<br \/>\n- Se\u00f1ales y Sistemas Audiovisuales<\/td><td class=\"column-2\">Grado en Ingenier\u00eda de Tecnolog\u00edas Especificas de las Comunicaciones<\/td>\n<\/tr>\n<tr class=\"row-4\">\n\t<td class=\"column-1\">- Dise\u00f1o de M\u00e1quinas<br \/>\n- Mec\u00e1nica para M\u00e1quinas y Mecanismos<\/td><td class=\"column-2\">Grado en Ingenier\u00eda Mec\u00e1nica<br \/>\n(cursos 2012-2021)<\/td>\n<\/tr>\n<tr class=\"row-5\">\n\t<td class=\"column-1\">- Gesti\u00f3n del Ruido Ambiental y de la Industria<br \/>\n- Ingenier\u00eda del Transporte<br \/>\n- Mec\u00e1nica para M\u00e1quinas y Mecanismos<\/td><td class=\"column-2\">Grado en Ingenier\u00eda en Organizaci\u00f3n Industrial<br \/>\n(cursos 2012-2021)<\/td>\n<\/tr>\n<tr class=\"row-6\">\n\t<td class=\"column-1\">- Mec\u00e1nica para M\u00e1quinas y Mecanismos<\/td><td class=\"column-2\">Grado en Electr\u00f3nica Industrial y Autom\u00e1tica<br \/>\n(cursos 2012-2021)<\/td>\n<\/tr>\n<tr class=\"row-7\">\n\t<td class=\"column-1\">- Mec\u00e1nica para M\u00e1quinas y Mecanismos<\/td><td class=\"column-2\">Grado en Ingenier\u00eda Qu\u00edmica<br \/>\n(cursos 2012-2021)<\/td>\n<\/tr>\n<\/tbody>\n<\/table>\n<!-- #tablepress-8 from cache --><\/p>","protected":false},"excerpt":{"rendered":"<p>Docencia de grado<\/p>\n","protected":false},"author":419,"featured_media":0,"parent":44,"menu_order":2,"comment_status":"closed","ping_status":"closed","template":"","meta":{"_uag_custom_page_level_css":"","footnotes":""},"class_list":["post-46","page","type-page","status-publish","hentry","post"],"uagb_featured_image_src":{"full":false,"thumbnail":false,"medium":false,"medium_large":false,"large":false,"1536x1536":false,"2048x2048":false,"post-thumbnail":false,"vantage-thumbnail-no-sidebar":false,"vantage-slide":false,"vantage-carousel":false,"vantage-grid-loop":false},"uagb_author_info":{"display_name":"gpa","author_link":"https:\/\/gpa.uva.es\/?author=419"},"uagb_comment_info":0,"uagb_excerpt":"Docencia de grado","_links":{"self":[{"href":"https:\/\/gpa.uva.es\/index.php?rest_route=\/wp\/v2\/pages\/46","targetHints":{"allow":["GET"]}}],"collection":[{"href":"https:\/\/gpa.uva.es\/index.php?rest_route=\/wp\/v2\/pages"}],"about":[{"href":"https:\/\/gpa.uva.es\/index.php?rest_route=\/wp\/v2\/types\/page"}],"author":[{"embeddable":true,"href":"https:\/\/gpa.uva.es\/index.php?rest_route=\/wp\/v2\/users\/419"}],"replies":[{"embeddable":true,"href":"https:\/\/gpa.uva.es\/index.php?rest_route=%2Fwp%2Fv2%2Fcomments&post=46"}],"version-history":[{"count":0,"href":"https:\/\/gpa.uva.es\/index.php?rest_route=\/wp\/v2\/pages\/46\/revisions"}],"up":[{"embeddable":true,"href":"https:\/\/gpa.uva.es\/index.php?rest_route=\/wp\/v2\/pages\/44"}],"wp:attachment":[{"href":"https:\/\/gpa.uva.es\/index.php?rest_route=%2Fwp%2Fv2%2Fmedia&parent=46"}],"curies":[{"name":"wp","href":"https:\/\/api.w.org\/{rel}","templated":true}]}}

<h4 class="wp-block-heading has-text-align-left">Docencia de grado</h4>


<p>
<table id="tablepress-8" class="tablepress tablepress-id-8">
<thead>
<tr class="row-1">
	<th class="column-1">Asignatura</th><th class="column-2">Grado</th>
</tr>
</thead>
<tbody class="row-striping row-hover">
<tr class="row-2">
	<td class="column-1">- Tratamiento Digital de Señales<br />
- Teoría de la Comunicación</td><td class="column-2">Grado en Ingeniería de Tecnologías de las Telecomunicación</td>
</tr>
<tr class="row-3">
	<td class="column-1">- Tratamiento de Señales<br />
- Procesado discreto de Señales y Sistemas<br />
- Teoría de la Comunicación<br />
- Sistemas de Telecomunicación<br />
- Señales y Sistemas Audiovisuales</td><td class="column-2">Grado en Ingeniería de Tecnologías Especificas de las Comunicaciones</td>
</tr>
<tr class="row-4">
	<td class="column-1">- Diseño de Máquinas<br />
- Mecánica para Máquinas y Mecanismos</td><td class="column-2">Grado en Ingeniería Mecánica<br />
(cursos 2012-2021)</td>
</tr>
<tr class="row-5">
	<td class="column-1">- Gestión del Ruido Ambiental y de la Industria<br />
- Ingeniería del Transporte<br />
- Mecánica para Máquinas y Mecanismos</td><td class="column-2">Grado en Ingeniería en Organización Industrial<br />
(cursos 2012-2021)</td>
</tr>
<tr class="row-6">
	<td class="column-1">- Mecánica para Máquinas y Mecanismos</td><td class="column-2">Grado en Electrónica Industrial y Automática<br />
(cursos 2012-2021)</td>
</tr>
<tr class="row-7">
	<td class="column-1">- Mecánica para Máquinas y Mecanismos</td><td class="column-2">Grado en Ingeniería Química<br />
(cursos 2012-2021)</td>
</tr>
</tbody>
</table>
<!-- #tablepress-8 from cache --></p>
