{"id":2622,"date":"2024-01-11T13:33:51","date_gmt":"2024-01-11T13:33:51","guid":{"rendered":"https:\/\/gpa.uva.es\/?page_id=2622"},"modified":"2024-01-13T19:40:50","modified_gmt":"2024-01-13T19:40:50","slug":"camaras-acusticas","status":"publish","type":"page","link":"https:\/\/gpa.uva.es\/?page_id=2622","title":{"rendered":"C\u00e1maras ac\u00fasticas"},"content":{"rendered":"<div style=\"height:20px\" aria-hidden=\"true\" class=\"wp-block-spacer\"><\/div>\n\n\n\n<h3 class=\"wp-block-heading has-text-align-center\">C\u00e1maras ac\u00fasticas<\/h3>\n\n\n\n<p class=\"has-text-align-center\">Se disponen de un conjunto de c\u00e1maras ac\u00fasticas desde 64 sensores a 1024 sensores, con geometr\u00edas reconfigurables. Est\u00e1n basadas en micr\u00f3fonos MEMS con frecuencias de muestreo hasta 100 kSps. Se disponen de una aplicacion de captura, visualizaci\u00f3n y procesado en el dominio temporal, frecuencial y espacial. Tambien se dispone de una librer\u00eda Labview para desarrollar aplicaciones.<\/p>\n\n\n\n<div style=\"height:20px\" aria-hidden=\"true\" class=\"wp-block-spacer\"><\/div>\n\n\n\n<div class=\"wp-block-group is-content-justification-center is-nowrap is-layout-flex wp-container-core-group-is-layout-94bc23d7 wp-block-group-is-layout-flex\">\n<figure class=\"wp-block-image size-full is-resized\"><img fetchpriority=\"high\" decoding=\"async\" width=\"499\" height=\"510\" src=\"https:\/\/gpa.uva.es\/files\/2024\/01\/img36.jpg\" alt=\"\" class=\"wp-image-2593\" style=\"width:auto;height:510px\" srcset=\"https:\/\/gpa.uva.es\/files\/2024\/01\/img36.jpg 499w, https:\/\/gpa.uva.es\/files\/2024\/01\/img36-294x300.jpg 294w\" sizes=\"(max-width: 499px) 100vw, 499px\" \/><\/figure>\n\n\n\n<figure class=\"wp-block-image size-full is-resized\"><img decoding=\"async\" width=\"442\" height=\"451\" src=\"https:\/\/gpa.uva.es\/files\/2024\/01\/img37.jpg\" alt=\"\" class=\"wp-image-2594\" style=\"width:auto;height:510px\" srcset=\"https:\/\/gpa.uva.es\/files\/2024\/01\/img37.jpg 442w, https:\/\/gpa.uva.es\/files\/2024\/01\/img37-294x300.jpg 294w\" sizes=\"(max-width: 442px) 100vw, 442px\" \/><\/figure>\n<\/div>\n\n\n\n<div style=\"height:20px\" aria-hidden=\"true\" class=\"wp-block-spacer\"><\/div>\n\n\n<div class=\"wp-block-image\">\n<figure class=\"aligncenter size-full\"><img decoding=\"async\" width=\"1001\" height=\"626\" src=\"https:\/\/gpa.uva.es\/files\/2024\/01\/img38.jpg\" alt=\"\" class=\"wp-image-2595\" srcset=\"https:\/\/gpa.uva.es\/files\/2024\/01\/img38.jpg 1001w, https:\/\/gpa.uva.es\/files\/2024\/01\/img38-300x188.jpg 300w, https:\/\/gpa.uva.es\/files\/2024\/01\/img38-768x480.jpg 768w, https:\/\/gpa.uva.es\/files\/2024\/01\/img38-436x272.jpg 436w\" sizes=\"(max-width: 1001px) 100vw, 1001px\" \/><\/figure>\n<\/div>","protected":false},"excerpt":{"rendered":"<p>C\u00e1maras ac\u00fasticas Se disponen de un conjunto de c\u00e1maras ac\u00fasticas desde 64 sensores a 1024 sensores, con geometr\u00edas reconfigurables. Est\u00e1n basadas en micr\u00f3fonos MEMS con frecuencias de muestreo hasta 100 kSps. Se disponen de una aplicacion de captura, visualizaci\u00f3n y procesado en el dominio temporal, frecuencial y espacial. Tambien se dispone de una librer\u00eda Labview [&hellip;]<\/p>\n","protected":false},"author":724,"featured_media":0,"parent":2227,"menu_order":0,"comment_status":"closed","ping_status":"closed","template":"","meta":{"_uag_custom_page_level_css":"","footnotes":""},"class_list":["post-2622","page","type-page","status-publish","hentry","post"],"uagb_featured_image_src":{"full":false,"thumbnail":false,"medium":false,"medium_large":false,"large":false,"1536x1536":false,"2048x2048":false,"post-thumbnail":false,"vantage-thumbnail-no-sidebar":false,"vantage-slide":false,"vantage-carousel":false,"vantage-grid-loop":false},"uagb_author_info":{"display_name":"javierretortillo","author_link":"https:\/\/gpa.uva.es\/?author=724"},"uagb_comment_info":0,"uagb_excerpt":"C\u00e1maras ac\u00fasticas Se disponen de un conjunto de c\u00e1maras ac\u00fasticas desde 64 sensores a 1024 sensores, con geometr\u00edas reconfigurables. Est\u00e1n basadas en micr\u00f3fonos MEMS con frecuencias de muestreo hasta 100 kSps. Se disponen de una aplicacion de captura, visualizaci\u00f3n y procesado en el dominio temporal, frecuencial y espacial. Tambien se dispone de una librer\u00eda Labview&hellip;","_links":{"self":[{"href":"https:\/\/gpa.uva.es\/index.php?rest_route=\/wp\/v2\/pages\/2622","targetHints":{"allow":["GET"]}}],"collection":[{"href":"https:\/\/gpa.uva.es\/index.php?rest_route=\/wp\/v2\/pages"}],"about":[{"href":"https:\/\/gpa.uva.es\/index.php?rest_route=\/wp\/v2\/types\/page"}],"author":[{"embeddable":true,"href":"https:\/\/gpa.uva.es\/index.php?rest_route=\/wp\/v2\/users\/724"}],"replies":[{"embeddable":true,"href":"https:\/\/gpa.uva.es\/index.php?rest_route=%2Fwp%2Fv2%2Fcomments&post=2622"}],"version-history":[{"count":0,"href":"https:\/\/gpa.uva.es\/index.php?rest_route=\/wp\/v2\/pages\/2622\/revisions"}],"up":[{"embeddable":true,"href":"https:\/\/gpa.uva.es\/index.php?rest_route=\/wp\/v2\/pages\/2227"}],"wp:attachment":[{"href":"https:\/\/gpa.uva.es\/index.php?rest_route=%2Fwp%2Fv2%2Fmedia&parent=2622"}],"curies":[{"name":"wp","href":"https:\/\/api.w.org\/{rel}","templated":true}]}}