{"id":2074,"date":"2024-01-09T07:49:21","date_gmt":"2024-01-09T07:49:21","guid":{"rendered":"https:\/\/gpa.uva.es\/?page_id=2074"},"modified":"2024-01-13T19:56:19","modified_gmt":"2024-01-13T19:56:19","slug":"linea-2","status":"publish","type":"page","link":"https:\/\/gpa.uva.es\/?page_id=2074","title":{"rendered":"2 | Biometr\u00eda ac\u00fastica"},"content":{"rendered":"<div style=\"height:20px\" aria-hidden=\"true\" class=\"wp-block-spacer\"><\/div>\n\n\n\n<h3 class=\"wp-block-heading has-text-align-center\">Biometr\u00eda ac\u00fastica<\/h3>\n\n\n\n<p>Mediante un array de sensores ac\u00fasticos, se realiza una exploraci\u00f3n de una persona ( de forma an\u00e1loga a las t\u00e9cnicas de ecograf\u00eda\/tac\/resonancia), obteniendo su respuesta ac\u00fastica para un conjunto de frecuencias y posiciones espec\u00edficas.<br><br>Con esta informaci\u00f3n y utilizando t\u00e9cnicas de clasificaci\u00f3n avanzadas, se dise\u00f1an sistemas que permiten identificar a un conjunto extenso de personas y por tanto establecer un sistema biom\u00e9trico de coste reducido y no intrusivo.<\/p>\n\n\n\n<div style=\"height:20px\" aria-hidden=\"true\" class=\"wp-block-spacer\"><\/div>\n\n\n\n<div class=\"wp-block-group is-content-justification-center is-nowrap is-layout-flex wp-container-core-group-is-layout-94bc23d7 wp-block-group-is-layout-flex\">\n<figure class=\"wp-block-image size-full is-resized\"><img fetchpriority=\"high\" decoding=\"async\" width=\"603\" height=\"414\" src=\"https:\/\/gpa.uva.es\/files\/2024\/01\/img23.jpg\" alt=\"\" class=\"wp-image-2662\" style=\"width:auto;height:450px\" srcset=\"https:\/\/gpa.uva.es\/files\/2024\/01\/img23.jpg 603w, https:\/\/gpa.uva.es\/files\/2024\/01\/img23-300x206.jpg 300w\" sizes=\"(max-width: 603px) 100vw, 603px\" \/><\/figure>\n\n\n\n<figure class=\"wp-block-image size-full is-resized\"><img decoding=\"async\" width=\"456\" height=\"402\" src=\"https:\/\/gpa.uva.es\/files\/2024\/01\/img24.jpg\" alt=\"\" class=\"wp-image-2663\" style=\"width:auto;height:450px\" srcset=\"https:\/\/gpa.uva.es\/files\/2024\/01\/img24.jpg 456w, https:\/\/gpa.uva.es\/files\/2024\/01\/img24-300x264.jpg 300w\" sizes=\"(max-width: 456px) 100vw, 456px\" \/><\/figure>\n<\/div>\n\n\n\n<div style=\"height:20px\" aria-hidden=\"true\" class=\"wp-block-spacer\"><\/div>\n\n\n\n<h4 class=\"wp-block-heading has-text-align-center\">Publicaciones relacionadas<\/h4>\n\n\n<p>[table id=34 \/]<br \/>\n[table id=36 \/]<\/p>\n\n\n\n<div style=\"height:20px\" aria-hidden=\"true\" class=\"wp-block-spacer\"><\/div>\n\n\n\n<div class=\"wp-block-columns is-layout-flex wp-container-core-columns-is-layout-9d6595d7 wp-block-columns-is-layout-flex\">\n<div class=\"wp-block-column is-layout-flow wp-block-column-is-layout-flow\"><\/div>\n\n\n\n<div class=\"wp-block-column is-layout-flow wp-block-column-is-layout-flow\"><\/div>\n<\/div>","protected":false},"excerpt":{"rendered":"<p>Biometr\u00eda ac\u00fastica Mediante un array de sensores ac\u00fasticos, se realiza una exploraci\u00f3n de una persona ( de forma an\u00e1loga a las t\u00e9cnicas de ecograf\u00eda\/tac\/resonancia), obteniendo su respuesta ac\u00fastica para un conjunto de frecuencias y posiciones espec\u00edficas. Con esta informaci\u00f3n y utilizando t\u00e9cnicas de clasificaci\u00f3n avanzadas, se dise\u00f1an sistemas que permiten identificar a un conjunto extenso [&hellip;]<\/p>\n","protected":false},"author":724,"featured_media":0,"parent":1957,"menu_order":3,"comment_status":"closed","ping_status":"closed","template":"","meta":{"footnotes":""},"class_list":["post-2074","page","type-page","status-publish","hentry","post"],"_links":{"self":[{"href":"https:\/\/gpa.uva.es\/index.php?rest_route=\/wp\/v2\/pages\/2074","targetHints":{"allow":["GET"]}}],"collection":[{"href":"https:\/\/gpa.uva.es\/index.php?rest_route=\/wp\/v2\/pages"}],"about":[{"href":"https:\/\/gpa.uva.es\/index.php?rest_route=\/wp\/v2\/types\/page"}],"author":[{"embeddable":true,"href":"https:\/\/gpa.uva.es\/index.php?rest_route=\/wp\/v2\/users\/724"}],"replies":[{"embeddable":true,"href":"https:\/\/gpa.uva.es\/index.php?rest_route=%2Fwp%2Fv2%2Fcomments&post=2074"}],"version-history":[{"count":0,"href":"https:\/\/gpa.uva.es\/index.php?rest_route=\/wp\/v2\/pages\/2074\/revisions"}],"up":[{"embeddable":true,"href":"https:\/\/gpa.uva.es\/index.php?rest_route=\/wp\/v2\/pages\/1957"}],"wp:attachment":[{"href":"https:\/\/gpa.uva.es\/index.php?rest_route=%2Fwp%2Fv2%2Fmedia&parent=2074"}],"curies":[{"name":"wp","href":"https:\/\/api.w.org\/{rel}","templated":true}]}}